en ((-21371)/1704)/((-1)/4) + (-3)/18 is divided by 34?
16
What is the remainder when (-128300)/(-50) + (-4 - 13) is divided by 51?
50
Let g = 29014 - -17085. Calculate the remainder when g is divided by 50.
49
Let a(y) = y**2 + 16*y - 8. Suppose 66 = n - 7*n. Let b be a(n). Calculate the remainder when b/2*84/(-49) is divided by 28.
26
Let f(k) = 4*k**2 - 23*k + 51. Let g(r) = -3*r**2 + 23*r - 52. Let o(a) = 4*f(a) + 5*g(a). What is the remainder when o(-27) is divided by (10/8)/(1/12)?
7
Let n(o) = -o**3 + 11*o**2 - 3*o - 16. Calculate the remainder when n(10) is divided by 21 - 2/10*5.
14
Suppose -60 = 8*l - 11*l. Let n(f) = 22*f + 607. What is the remainder when n(-16) is divided by l?
15
Suppose 7*o - 125 = 456. Calculate the remainder when 6/6*(o + -4) is divided by 27.
25
Suppose 250*t - 61864 = 36*t - 874. What is the remainder when t is divided by 122?
41
Let m = 19 - 18. Suppose 5*b + 5*c - 1377 = 2*c, -4*b = -2*c - 1106. Let i = -275 + b. Calculate the remainder when i is divided by m.
0
Suppose -12*x + 11*x + 404 = 3*q, -5*q + 680 = -5*x. Calculate the remainder when 1078 is divided by q.
133
Let h = 196 - -313. Suppose 5*b - 5*m + 144 = h, 9*b + 2*m - 712 = 0. Calculate the remainder when 297 is divided by b.
63
Let h(m) = -2*m - 4. Let x be h(-4). Suppose -3*a - 260 = -x*d - 5*a, -2*a - 136 = -2*d. What is the remainder when 193 is divided by d?
61
Suppose d - 2*d - p - 25 = 0, -5*d - 2*p = 134. Suppose -u + 10 + 2 = 0. What is the remainder when (0 - 2/(-7)) + (-2316)/d is divided by u?
11
Let a(y) = 3*y**2 - 138*y + 1062. Calculate the remainder when 749 is divided by a(8).
149
Suppose -3*z = x - 12 - 65, -3*z = 3*x - 75. Calculate the remainder when 219 is divided by z.
11
Suppose -148*y + 147*y + 5*n + 303 = 0, 869 = 3*y - 5*n. What is the remainder when y is divided by 82?
37
Let q = 16312 - 16150. Calculate the remainder when 1455 is divided by q.
159
Let f be ((-6 - -6)/(-3))/(4 - 1). Calculate the remainder when (2/6 - f) + (-1076)/(-12) is divided by 28.
6
Let w = 0 - -38. Suppose -3*d - 16 = k, 62*d = 63*d. Let j = w + k. What is the remainder when j is divided by 8?
6
Let s(g) = -60*g - 2663. What is the remainder when 401 is divided by s(-45)?
31
Let f(i) = -9*i**2 + 5*i - 22. Let x be f(6). Let k = x - -350. Suppose -5*t + 4*c + 44 = 0, 2*c + c + 24 = 3*t. Calculate the remainder when k is divided by t.
10
Suppose 4310 - 17090 = -36*z. What is the remainder when z is divided by 180?
175
Calculate the remainder when 6697 is divided by -7 + 30/(-345) + 4328/46.
85
Let n = -155 + 207. Suppose -3*y = -2*u - n, -u = y + u - 20. Calculate the remainder when 37 is divided by y.
1
Suppose -4*b = 5*o - 224, 2*b - 6*b - 160 = -3*o. Suppose 22 + o = -7*x. Let f = x - -21. What is the remainder when 19 is divided by f?
8
Let p(u) = -u**3 - 7*u**2 + 30. Let t be p(-6). Calculate the remainder when 292/t*(-15)/10 is divided by 32.
9
Let o(b) = -11*b - 1. Let w(u) = -5*u - 1. Let m(r) = -6*o(r) + 13*w(r). Let k be m(-7). What is the remainder when k/10 - 8/(-20) - -48 is divided by 12?
11
Let v = -23 + 37. Let s = 33 + v. Let t = s - 42. What is the remainder when t is divided by 3?
2
Let b(w) = 6*w**2 - 4*w - 5. Suppose -15 + 36 = -21*l. What is the remainder when 25 is divided by b(l)?
0
Calculate the remainder when 239 is divided by -776 - -766 - -18*(-6)/(-4).
1
Suppose -10962 = 377*x - 404*x. Calculate the remainder when x is divided by 82.
78
Suppose -3*f + 5*f = 700. Suppose -29*u = -27*u - f. Suppose -u = -6*w + w. What is the remainder when w is divided by 6?
5
Suppose -5*q = -20, 2*d - 4*d = q - 8. Suppose x = 3*y + 154, 8*y - 348 = -d*x + 4*y. Calculate the remainder when x is divided by 14.
12
Calculate the remainder when 1040 is divided by 10/(-1)*384/(-48).
0
Let m = 126474 - 73742. What is the remainder when m is divided by 282?
280
Suppose 31 = 2*w + v, 16 = -w + 3*w - 2*v. Calculate the remainder when (-2 + 0)/((56/304)/(-7)) is divided by w.
11
Let p = 4987 + -4974. Let v be 3/(80/(-81) + 1). Suppose -2*u - 2*m + 77 = -43, 0 = 4*u + 3*m - v. What is the remainder when u is divided by p?
11
Let s be 4/6 + (2 - 1428/9). Let x = s - -161. What is the remainder when x is divided by 5?
0
Suppose 0 = -3*v + 5*a - 7 + 9, 2*v - 23 = -a. Suppose -4*k + v*k - 199 = 3*r, -4*k + 4*r + 156 = 0. What is the remainder when 77 is divided by k?
36
Let r be 8/(-12) + 2018/(-6) + -5. Let s = r - -361. Calculate the remainder when 35 is divided by s.
16
Suppose 2*i - 2*w - 24 = 3*w, 10 = -5*w. Suppose i*u - 11*u + 12 = 0. What is the remainder when 10 + (-12)/((-56)/(-16) - 5) is divided by u?
0
Let d = -30188 - -30983. What is the remainder when d is divided by 111?
18
Suppose -5*r + 1112 = 187. Suppose 380 = -r*y + 195*y. Calculate the remainder when y is divided by 20.
18
Let l(i) = -i**3 - i**2 + 10*i + 29. Let t(x) = x**2 - 7*x + 2. What is the remainder when t(-9) is divided by l(-4)?
35
Let c(t) = -32*t - 4. Suppose 27*u - 69*u = 71*u - 3503. What is the remainder when c(-3) is divided by u?
30
Let c(u) = 6*u - 55. Let g be c(-23). Suppose -5*l + 41 = -59. What is the remainder when 8/20 - (-1)/((-5)/g) is divided by l?
19
Let z be (-1400)/(-63) + -12 - (-2)/(-9). Suppose 6*b - 352 = -z*b. What is the remainder when 85 is divided by b?
19
Let f = -3048 + 3641. What is the remainder when f is divided by 32?
17
Let m = -14 + 45. Let w be ((-20)/(-25))/((-3)/(-210)). Suppose d = -m + w. What is the remainder when 98 is divided by d?
23
Let j = -723 - -729. What is the remainder when (3 - 1719/j)/(9/(-12)) is divided by 64?
58
What is the remainder when (82/(-5))/(83430/(-10425) + 8) is divided by 13?
5
Let b = 62 - 56. Let n(v) = 2*v + 3. Let x be n(4). Suppose b*l + 130 = x*l. Calculate the remainder when l is divided by 15.
11
Suppose 55 = 4*s - 14*m + 15*m, 0 = -10*s - m + 139. What is the remainder when 35557 is divided by s?
11
Let o(a) = -2*a**3 - 3*a**2 + 2*a - 1. Let k = -395 - -184. Let r = k + 218. What is the remainder when o(-3) is divided by r?
6
Let q(z) = z**2 - 2*z + 2. Let s be q(2). Suppose 2*i + s*p - 42 = 0, 3*i - 2*p - 43 = -0*p. Let x = -5 + 36. Calculate the remainder when x is divided by i.
14
Let t be -10*6/24*-156. Let j = t + -81. Calculate the remainder when j is divided by 31.
30
What is the remainder when 3283 is divided by -21 + 7 + 8 + 29?
17
Suppose 0 = -2*x - 3*x, 0 = 2*t - 3*x - 52. Let u be (t*5)/((-14)/21). What is the remainder when 64 is divided by (-4320)/u + 4/(-26)?
20
Let o(v) = 2053*v - 92. Let q be o(-6). Calculate the remainder when q/(-204) - (1 - 7/6) is divided by 25.
11
Let g = 2481 - 2378. Calculate the remainder when 381 is divided by g.
72
Suppose -4*d - 5*g + g - 252 = 0, 2*g + 188 = -3*d. Let v = d + 82. Let y = 15 + -4. What is the remainder when v is divided by y?
9
What is the remainder when 2757/(-6)*(-11 + 9) is divided by 300?
19
Suppose 86 = 4*s - 4*s + 2*s. What is the remainder when 1028 is divided by s?
39
Let g(m) = 9*m - 12. Let v be g(1). Let z(u) = u**3 + 5*u**2 + 19*u + 44. What is the remainder when 25 is divided by z(v)?
0
Let d(q) = 2171*q + 34842. Suppose o + u + 12 = 32, -3*o = 2*u - 59. Suppose 0 = 3*m - 62 - o. What is the remainder when d(-16) is divided by m?
25
Suppose 6*c - 5*n + 600 = 2*c, 0 = 5*c + n + 750. Suppose 309*x - 315*x - 720 = 0. Let t = x - c. What is the remainder when 148 is divided by t?
28
Suppose -3*k = -s + 1097 + 3463, 0 = -5*s + 4*k + 22866. Calculate the remainder when s is divided by 191.
185
Let h = 172 + -169. Suppose p = -3*o + 306 - 4, 0 = -h*p - 3*o + 918. Calculate the remainder when p is divided by 62.
60
Calculate the remainder when 3075 is divided by 128 - 1*(25 + -11).
111
Let l(z) = 2*z**3 + 21*z**2 - 6*z - 259. What is the remainder when 822 is divided by l(-9)?
24
Suppose 8*r - 478 = -7*r + 197. What is the remainder when 520 is divided by r?
25
Let f = 65 + -63. Suppose f*g - 2*u = 52, -130 = -5*g + 2*u - u. Suppose b = 3*y + g, 3*b + 4*y = -2*b + 168. What is the remainder when 94 is divided by b?
30
Let h(a) = -a**2 - 35*a + 1534. Let r(u) = -26*u. What is the remainder when h(-59) is divided by r(-1)?
14
Suppose o = -1 + 7. Suppose -212 - 358 = -o*g. Calculate the remainder when g is divided by 20.
15
Supp